{"id":208,"date":"2024-11-18T00:18:40","date_gmt":"2024-11-18T03:18:40","guid":{"rendered":"https:\/\/starsites.com.br\/artigos\/?page_id=208"},"modified":"2024-11-18T00:18:56","modified_gmt":"2024-11-18T03:18:56","slug":"sobre-nos","status":"publish","type":"page","link":"https:\/\/starsites.com.br\/artigos\/sobre-nos\/","title":{"rendered":"Sobre N\u00f3s"},"content":{"rendered":"\n<h3 class=\"wp-block-heading\">Nossa Miss\u00e3o<\/h3>\n\n\n\n<p>StarIA foi criado para trazer ferramentas de Intelig\u00eancia Artificial, e tutoriais sobre essas ferramentas. Nosso compromisso \u00e9 oferecer conte\u00fados relevantes, criativos e acess\u00edveis para todos.<\/p>\n\n\n\n<h3 class=\"wp-block-heading\">Nossa Hist\u00f3ria<\/h3>\n\n\n\n<p>Fundado em 2024, o site nasceu com o prop\u00f3sito de ajudar as pessoas a se conectar por meio da Intelig\u00eancia Artificial e ajudar a aumentar a produtividade, al\u00e9m de promover o conhecimento. Desde ent\u00e3o, crescemos e continuamos a evoluir, ouvindo nossos usu\u00e1rios e melhorando continuamente.<\/p>\n\n\n\n<h3 class=\"wp-block-heading\">Valores<\/h3>\n\n\n\n<p>Nossos valores fundamentais s\u00e3o:<\/p>\n\n\n\n<ul class=\"wp-block-list\">\n<li><strong>Qualidade:<\/strong> Oferecer conte\u00fados cuidadosamente selecionados;<\/li>\n\n\n\n<li><strong>Acessibilidade:<\/strong> Criar uma plataforma f\u00e1cil de usar para todos;<\/li>\n\n\n\n<li><strong>Inspira\u00e7\u00e3o:<\/strong> Trazer novidades no campo da IA.<\/li>\n<\/ul>\n\n\n\n<h3 class=\"wp-block-heading\">Contato<\/h3>\n\n\n\n<p>Se voc\u00ea tiver d\u00favidas ou sugest\u00f5es, entre em contato conosco pelo e-mail contato@starsites.com.br ou pela nossa p\u00e1gina de contato.<\/p>\n","protected":false},"excerpt":{"rendered":"<p>Nossa Miss\u00e3o StarIA foi criado para trazer ferramentas de Intelig\u00eancia Artificial, e tutoriais sobre essas ferramentas. Nosso compromisso \u00e9 oferecer conte\u00fados relevantes, criativos e acess\u00edveis para todos. Nossa Hist\u00f3ria Fundado em 2024, o site nasceu com o prop\u00f3sito de ajudar as pessoas a se conectar por meio da Intelig\u00eancia Artificial e ajudar a aumentar a [&hellip;]<\/p>\n","protected":false},"author":1,"featured_media":0,"parent":0,"menu_order":0,"comment_status":"closed","ping_status":"closed","template":"","meta":{"footnotes":""},"class_list":["post-208","page","type-page","status-publish","hentry"],"yoast_head":"<!-- This site is optimized with the Yoast SEO plugin v23.6 - https:\/\/yoast.com\/wordpress\/plugins\/seo\/ -->\n<title>Sobre N\u00f3s - StarIA<\/title>\n<meta name=\"robots\" content=\"index, follow, max-snippet:-1, max-image-preview:large, max-video-preview:-1\" \/>\n<link rel=\"canonical\" href=\"https:\/\/starsites.com.br\/artigos\/sobre-nos\/\" \/>\n<meta property=\"og:locale\" content=\"pt_BR\" \/>\n<meta property=\"og:type\" content=\"article\" \/>\n<meta property=\"og:title\" content=\"Sobre N\u00f3s - StarIA\" \/>\n<meta property=\"og:description\" content=\"Nossa Miss\u00e3o StarIA foi criado para trazer ferramentas de Intelig\u00eancia Artificial, e tutoriais sobre essas ferramentas. Nosso compromisso \u00e9 oferecer conte\u00fados relevantes, criativos e acess\u00edveis para todos. Nossa Hist\u00f3ria Fundado em 2024, o site nasceu com o prop\u00f3sito de ajudar as pessoas a se conectar por meio da Intelig\u00eancia Artificial e ajudar a aumentar a [&hellip;]\" \/>\n<meta property=\"og:url\" content=\"https:\/\/starsites.com.br\/artigos\/sobre-nos\/\" \/>\n<meta property=\"og:site_name\" content=\"StarIA\" \/>\n<meta property=\"article:modified_time\" content=\"2024-11-18T03:18:56+00:00\" \/>\n<meta name=\"twitter:card\" content=\"summary_large_image\" \/>\n<meta name=\"twitter:label1\" content=\"Est. reading time\" \/>\n\t<meta name=\"twitter:data1\" content=\"1 minuto\" \/>\n<script type=\"application\/ld+json\" class=\"yoast-schema-graph\">{\"@context\":\"https:\/\/schema.org\",\"@graph\":[{\"@type\":\"WebPage\",\"@id\":\"https:\/\/starsites.com.br\/artigos\/sobre-nos\/\",\"url\":\"https:\/\/starsites.com.br\/artigos\/sobre-nos\/\",\"name\":\"Sobre N\u00f3s - StarIA\",\"isPartOf\":{\"@id\":\"https:\/\/starsites.com.br\/artigos\/#website\"},\"datePublished\":\"2024-11-18T03:18:40+00:00\",\"dateModified\":\"2024-11-18T03:18:56+00:00\",\"breadcrumb\":{\"@id\":\"https:\/\/starsites.com.br\/artigos\/sobre-nos\/#breadcrumb\"},\"inLanguage\":\"pt-BR\",\"potentialAction\":[{\"@type\":\"ReadAction\",\"target\":[\"https:\/\/starsites.com.br\/artigos\/sobre-nos\/\"]}]},{\"@type\":\"BreadcrumbList\",\"@id\":\"https:\/\/starsites.com.br\/artigos\/sobre-nos\/#breadcrumb\",\"itemListElement\":[{\"@type\":\"ListItem\",\"position\":1,\"name\":\"Home\",\"item\":\"https:\/\/starsites.com.br\/artigos\/\"},{\"@type\":\"ListItem\",\"position\":2,\"name\":\"Sobre N\u00f3s\"}]},{\"@type\":\"WebSite\",\"@id\":\"https:\/\/starsites.com.br\/artigos\/#website\",\"url\":\"https:\/\/starsites.com.br\/artigos\/\",\"name\":\"StarIA\",\"description\":\"Sites e Ferramentas de IA\",\"publisher\":{\"@id\":\"https:\/\/starsites.com.br\/artigos\/#organization\"},\"potentialAction\":[{\"@type\":\"SearchAction\",\"target\":{\"@type\":\"EntryPoint\",\"urlTemplate\":\"https:\/\/starsites.com.br\/artigos\/?s={search_term_string}\"},\"query-input\":{\"@type\":\"PropertyValueSpecification\",\"valueRequired\":true,\"valueName\":\"search_term_string\"}}],\"inLanguage\":\"pt-BR\"},{\"@type\":\"Organization\",\"@id\":\"https:\/\/starsites.com.br\/artigos\/#organization\",\"name\":\"StarIA\",\"url\":\"https:\/\/starsites.com.br\/artigos\/\",\"logo\":{\"@type\":\"ImageObject\",\"inLanguage\":\"pt-BR\",\"@id\":\"https:\/\/starsites.com.br\/artigos\/#\/schema\/logo\/image\/\",\"url\":\"https:\/\/starsites.com.br\/artigos\/wp-content\/uploads\/2024\/10\/cropped-favicon.png\",\"contentUrl\":\"https:\/\/starsites.com.br\/artigos\/wp-content\/uploads\/2024\/10\/cropped-favicon.png\",\"width\":512,\"height\":512,\"caption\":\"StarIA\"},\"image\":{\"@id\":\"https:\/\/starsites.com.br\/artigos\/#\/schema\/logo\/image\/\"}}]}<\/script>\n<!-- \/ Yoast SEO plugin. -->","yoast_head_json":{"title":"Sobre N\u00f3s - StarIA","robots":{"index":"index","follow":"follow","max-snippet":"max-snippet:-1","max-image-preview":"max-image-preview:large","max-video-preview":"max-video-preview:-1"},"canonical":"https:\/\/starsites.com.br\/artigos\/sobre-nos\/","og_locale":"pt_BR","og_type":"article","og_title":"Sobre N\u00f3s - StarIA","og_description":"Nossa Miss\u00e3o StarIA foi criado para trazer ferramentas de Intelig\u00eancia Artificial, e tutoriais sobre essas ferramentas. Nosso compromisso \u00e9 oferecer conte\u00fados relevantes, criativos e acess\u00edveis para todos. Nossa Hist\u00f3ria Fundado em 2024, o site nasceu com o prop\u00f3sito de ajudar as pessoas a se conectar por meio da Intelig\u00eancia Artificial e ajudar a aumentar a [&hellip;]","og_url":"https:\/\/starsites.com.br\/artigos\/sobre-nos\/","og_site_name":"StarIA","article_modified_time":"2024-11-18T03:18:56+00:00","twitter_card":"summary_large_image","twitter_misc":{"Est. reading time":"1 minuto"},"schema":{"@context":"https:\/\/schema.org","@graph":[{"@type":"WebPage","@id":"https:\/\/starsites.com.br\/artigos\/sobre-nos\/","url":"https:\/\/starsites.com.br\/artigos\/sobre-nos\/","name":"Sobre N\u00f3s - StarIA","isPartOf":{"@id":"https:\/\/starsites.com.br\/artigos\/#website"},"datePublished":"2024-11-18T03:18:40+00:00","dateModified":"2024-11-18T03:18:56+00:00","breadcrumb":{"@id":"https:\/\/starsites.com.br\/artigos\/sobre-nos\/#breadcrumb"},"inLanguage":"pt-BR","potentialAction":[{"@type":"ReadAction","target":["https:\/\/starsites.com.br\/artigos\/sobre-nos\/"]}]},{"@type":"BreadcrumbList","@id":"https:\/\/starsites.com.br\/artigos\/sobre-nos\/#breadcrumb","itemListElement":[{"@type":"ListItem","position":1,"name":"Home","item":"https:\/\/starsites.com.br\/artigos\/"},{"@type":"ListItem","position":2,"name":"Sobre N\u00f3s"}]},{"@type":"WebSite","@id":"https:\/\/starsites.com.br\/artigos\/#website","url":"https:\/\/starsites.com.br\/artigos\/","name":"StarIA","description":"Sites e Ferramentas de IA","publisher":{"@id":"https:\/\/starsites.com.br\/artigos\/#organization"},"potentialAction":[{"@type":"SearchAction","target":{"@type":"EntryPoint","urlTemplate":"https:\/\/starsites.com.br\/artigos\/?s={search_term_string}"},"query-input":{"@type":"PropertyValueSpecification","valueRequired":true,"valueName":"search_term_string"}}],"inLanguage":"pt-BR"},{"@type":"Organization","@id":"https:\/\/starsites.com.br\/artigos\/#organization","name":"StarIA","url":"https:\/\/starsites.com.br\/artigos\/","logo":{"@type":"ImageObject","inLanguage":"pt-BR","@id":"https:\/\/starsites.com.br\/artigos\/#\/schema\/logo\/image\/","url":"https:\/\/starsites.com.br\/artigos\/wp-content\/uploads\/2024\/10\/cropped-favicon.png","contentUrl":"https:\/\/starsites.com.br\/artigos\/wp-content\/uploads\/2024\/10\/cropped-favicon.png","width":512,"height":512,"caption":"StarIA"},"image":{"@id":"https:\/\/starsites.com.br\/artigos\/#\/schema\/logo\/image\/"}}]}},"_links":{"self":[{"href":"https:\/\/starsites.com.br\/artigos\/wp-json\/wp\/v2\/pages\/208"}],"collection":[{"href":"https:\/\/starsites.com.br\/artigos\/wp-json\/wp\/v2\/pages"}],"about":[{"href":"https:\/\/starsites.com.br\/artigos\/wp-json\/wp\/v2\/types\/page"}],"author":[{"embeddable":true,"href":"https:\/\/starsites.com.br\/artigos\/wp-json\/wp\/v2\/users\/1"}],"replies":[{"embeddable":true,"href":"https:\/\/starsites.com.br\/artigos\/wp-json\/wp\/v2\/comments?post=208"}],"version-history":[{"count":1,"href":"https:\/\/starsites.com.br\/artigos\/wp-json\/wp\/v2\/pages\/208\/revisions"}],"predecessor-version":[{"id":209,"href":"https:\/\/starsites.com.br\/artigos\/wp-json\/wp\/v2\/pages\/208\/revisions\/209"}],"wp:attachment":[{"href":"https:\/\/starsites.com.br\/artigos\/wp-json\/wp\/v2\/media?parent=208"}],"curies":[{"name":"wp","href":"https:\/\/api.w.org\/{rel}","templated":true}]}}